*u. Calculate y(-4).
-8
Let s(o) = 22*o**2 - 3*o + 3. Give s(1).
22
Let g(i) = 5*i**2 + 3*i. What is g(2)?
26
Let l(u) = -4*u**2 + u. Calculate l(-1).
-5
Let j(m) = 3*m**3 + 3*m**2 - m - 1. Give j(1).
4
Let o(v) = -6*v - 4. What is o(-11)?
62
Let j(g) = -g**3 + 10*g**2 + 10*g + 1. Determine j(11).
-10
Let b(t) = -5*t - 27. Calculate b(-11).
28
Let g(a) = 2*a**3 + 3*a - 39. What is g(0)?
-39
Let p(k) = -2*k**2 + 23*k - 8. What is p(11)?
3
Let h(a) = -a**3 - 18*a**2 - 20*a - 24. What is h(-17)?
27
Let m(a) = 9*a + 10. Calculate m(-3).
-17
Let q(g) = g + 14. Give q(-9).
5
Let v(i) = 30*i + 68. Give v(-3).
-22
Let c(b) = 2*b**2 + 3*b + 6. Determine c(-4).
26
Let p(n) = n**2 - 8. Calculate p(-4).
8
Let d(z) = -z**3 - 15*z**2 + 13*z - 34. Calculate d(-16).
14
Let w(z) = -z**3 - 8*z**2 + 10*z + 12. Give w(-9).
3
Let k(p) = -4*p**2 + 57*p - 44. Determine k(13).
21
Let j(o) = o**3 - 8*o**2 + o + 9. Calculate j(8).
17
Let r(z) = 10*z + 9. Calculate r(0).
9
Let w(d) = 2*d**2 + 2*d - 4. Calculate w(-3).
8
Let o(m) = -m**2 + 28*m - 71. Calculate o(25).
4
Let q(z) = -2*z + 9. Calculate q(8).
-7
Let r(b) = 25*b - 42. What is r(4)?
58
Let s(m) = 10*m - 27. Give s(6).
33
Let w(a) = -a**2 + 2*a + 2. Give w(5).
-13
Let f(h) = 4*h + 60. Calculate f(-14).
4
Let l(n) = 9*n**3 + 5*n**2 + n - 6. What is l(-2)?
-60
Let x(v) = v**3 + 5*v**2 - 5*v - 5. What is x(-6)?
-11
Let q(t) = t**3 + 28*t**2 + 27*t - 9. Calculate q(-27).
-9
Let k(q) = -16*q + 49. What is k(4)?
-15
Let g(j) = j + 16. What is g(-16)?
0
Let n(x) = -x**3 + x**2 - 3*x - 87. Determine n(0).
-87
Let a(c) = 2*c**3 - 38*c**2 + 33*c + 32. Calculate a(18).
-22
Let l(i) = -i**2 + 8*i + 4. What is l(6)?
16
Let n(m) = -16*m - 8. Give n(5).
-88
Let q(g) = -g**3 + 21*g**2 - 18*g - 28. Calculate q(20).
12
Let q(z) = -15*z**2 - 3*z + 10. Determine q(1).
-8
Let d(f) = f - 29. Determine d(14).
-15
Let x(b) = -b**2 - 3*b + 10. Calculate x(-8).
-30
Let i(r) = -r**3 - 9*r**2 + 4*r + 11. What is i(-9)?
-25
Let k(x) = x - 16. What is k(8)?
-8
Let m(o) = 3*o**2 - 9*o - 4. Calculate m(4).
8
Let q(t) = -t**3 + 2*t**2 + 2*t - 2. Give q(2).
2
Let z(n) = n**2 + n + 5. What is z(5)?
35
Let v(l) = -2*l**3 - 32*l**2 - 58*l - 33. Calculate v(-14).
-5
Let j(c) = 2*c + 6. Give j(-6).
-6
Let j(z) = z + 17. Calculate j(-13).
4
Let i(v) = -v**3 + 13*v**2 + 5*v - 84. Calculate i(13).
-19
Let o(i) = -i**3 - 9*i**2 - 14*i + 6. What is o(-7)?
6
Let b(g) = -2*g**2 + 8*g + 6. Calculate b(4).
6
Let a(k) = -k - 8. What is a(-6)?
-2
Let z(l) = -l**2 + l + 1. What is z(6)?
-29
Let j(t) = -55*t + 155. What is j(3)?
-10
Let m(f) = 42*f**2 - 378*f + 12. Determine m(9).
12
Let v(h) = h**2 + 9*h - 15. Determine v(4).
37
Let w(x) = -x**2 - 16*x - 38. Give w(-8).
26
Let q(l) = l + 9. Determine q(-9).
0
Let y(v) = -v**3 + 2*v**2 - 3*v. What is y(3)?
-18
Let h(j) = j**2 + 15*j - 8. Calculate h(-16).
8
Let s(o) = -o**3 + 19*o**2 + 19*o + 25. Calculate s(20).
5
Let t(f) = 2*f + 6. Determine t(-5).
-4
Let l(z) = 35*z + 11. Give l(3).
116
Let z(q) = q**3 - q - 4. Determine z(0).
-4
Let h(t) = 4*t**2 - 3*t + 3. Calculate h(-2).
25
Let c(l) = l - 7. What is c(-11)?
-18
Let f(d) = 28*d - 122. Calculate f(4).
-10
Let f(u) = 3*u**2 - 17*u - 16. Give f(-1).
4
Let u(w) = 9*w**2 - 4*w + 4. Calculate u(2).
32
Let q(j) = 6*j - 48. Calculate q(9).
6
Let u(c) = c**2 + 7*c - 2. Determine u(-9).
16
Let u(v) = -v**3 - v**2 + 5*v - 5. Determine u(-4).
23
Let r(w) = w**3 - 10*w**2 + 8*w - 3. Give r(9).
-12
Let c(d) = -13*d - 51. Give c(-6).
27
Let i(y) = -26*y**3 + 4*y**2 + y - 1. Calculate i(-1).
28
Let n(r) = r - 12. What is n(20)?
8
Let f(i) = -25*i**3 + i**2 + i + 1. Give f(-1).
26
Let h(g) = 2*g**3 + 2*g**2 - 9*g - 2. What is h(-4)?
-62
Let m(w) = w**2 - 11*w + 15. What is m(3)?
-9
Let a(j) = j**3 - 6*j**2 - 15*j + 1. Give a(-2).
-1
Let f(l) = -10*l**2 - l + 1. Give f(1).
-10
Let q(t) = 2*t - 7. Determine q(8).
9
Let c(t) = -2*t**2 + 37*t - 15. Give c(16).
65
Let i(f) = 5*f**3 - 6*f + 6. Give i(1).
5
Let m(c) = -c - 28. What is m(-7)?
-21
Let a(r) = 5*r**2 - 2. Determine a(2).
18
Let c(j) = -3*j**2 - 23*j - 16. Determine c(-7).
-2
Let m(r) = 2*r**3 - 24*r**2 - r + 9. Determine m(12).
-3
Let h(j) = -j**3 + 4*j**2 + 4*j - 4. Calculate h(5).
-9
Let f(h) = -17*h**2 - h. Calculate f(-1).
-16
Let o(i) = -i**3 - i**2 + 18*i - 17. Give o(-5).
-7
Let d(x) = -x**3 - 31*x**2 - 3*x - 83. Determine d(-31).
10
Let o(p) = -10*p**2 + 148*p + 26. Give o(15).
-4
Let k(a) = 5*a + 30. Determine k(-5).
5
Let y(z) = z**3 + 2*z**2 + 7*z + 2. What is y(-2)?
-12
Let l(y) = -y**2 + 13*y + 12. What is l(12)?
24
Let p(z) = -z**3 + 4*z**2 + 8. Calculate p(5).
-17
Let b(k) = 7*k + 4. Calculate b(-5).
-31
Let q(i) = -10*i - 177. Calculate q(-18).
3
Let c(q) = q**3 - 19*q**2 + 2*q - 9. Give c(19).
29
Let u(n) = -n**3 - 5*n**2 - 5*n - 1. What is u(-4)?
3
Let c(y) = -2*y**2 + 24*y - 6. Give c(10).
34
Let p(g) = 3*g**2 + 51*g + 95. Calculate p(-15).
5
Let h(y) = -y**3 + 11*y**2 + 104*y - 40. Determine h(17).
-6
Let v(t) = -8*t - 97. Determine v(-12).
-1
Let y(k) = k**3 - 2*k**2 - 2*k - 1. Give y(2).
-5
Let h(q) = -21*q - 1. What is h(-1)?
20
Let g(m) = -m**2 - 43*m - 266. Determine g(-36).
-14
Let o(c) = c**2 + 2*c - 11. Determine o(-5).
4
Let v(h) = -h**3 - 8*h**2 + 18*h + 7. Give v(-10).
27
Let l(p) = -2*p**2 - 5*p + 4. Calculate l(-3).
1
Let l(u) = -368*u + 735. Calculate l(2).
-1
Let v(g) = -38*g - 6. What is v(-1)?
32
Let y(v) = v**2 - 9*v + 1. Give y(7).
-13
Let p(s) = -s**3 - 6*s**2 - 3*s + 5. Give p(-5).
-5
Let g(o) = o**3 - 15*o**2 + 9*o + 87. Calculate g(14).
17
Let a(d) = -2*d**3 - 17*d**2 - 19*d + 10. Calculate a(-7).
-4
Let m(x) = -46*x**3 + x**2 - x + 1. Calculate m(1).
-45
Let m(c) = 69*c**3 - c**2 - 3*c. Determine m(-1).
-67
Let g(f) = f**2 + f - 14. Give g(3).
-2
Let x(g) = -g**2 + 10*g - 6. Determine x(10).
-6
Let q(z) = 2*z**2 + 15*z - 11. What is q(-9)?
16
Let i(g) = 64*g**2 + 29*g + 28. What is i(-1)?
63
Let x(a) = a**2 - 2. Determine x(-3).
7
Let t(u) = -2*u**2 - 49*u + 564. What is t(-33)?
3
Let g(t) = 2*t**3 + 35*t**2 + 18*t + 6. Calculate g(-17).
-11
Let q(t) = -t**3 + 18*t**2 + 2*t - 43. What is q(18)?
-7
Let n(v) = -25*v**3 - v**2 - 3*v - 2. Give n(-1).
25
Let h(n) = 57*n. Determine h(1).
57
Let c(y) = y - 4. Give c(4).
0
Let s(n) = 39*n - 2. Calculate s(3).
115
Let v(q) = -6*q + 3. Determine v(-4).
27
Let s(k) = k**3 - 9*k**2 - 25*k - 9. Give s(11).
-42
Let c(b) = b**3 - 18*b + 23. Determine c(2).
-5
Let x(p) = 4*p**3 + 2*p**2 + 2*p - 3. Calculate x(2).
41
Let n(s) = -45*s - 194. What is n(-4)?
-14
Let c(j) = -2*j**3 - 32*j**2 - 30*j - 5. Calculate c(-15).
-5
Let q(k) = k**2 + 15*k - 1. Determine q(-17).
33
Let a(w) = -7*w - 6. What is a(6)?
-48
Let b(n) = n + 2. Determine b(-6).
-4
Let t(s) = 18*s + 17. Calculate t(-1).
-1
Let l(u) = u**2 - 35*u + 70. What is l(33)?
4
Let r(v) = 2*v - 7. What is r(-7)?
-21
Let v(o) = o**2 - 6*o. Give v(2).
-8
Let a(n) = 2*n + 10. Calculate a(7).
24
Let q(k) = k**3 - 10*k**2 - 14*k + 20. What is q(11)?
-13
Let t(f) = f**3 + 7*f**2 - 41*f + 28. Determine t(-11).
-5
Let a(i) = 14*i. Determine a(1).
14
Let r(q) = 3*q + 3. Determine r(-6).
-15
Let l(t) = -10*t + 14. Calculate l(-5).
64
Let t(z) = z**3 - 5*z**2 + 4*z + 1. Calculate t(3).
-5
Let n(s) = -s + 16. Give n(15).
1
Let o(j) = j**2 - 2*j + 6. What is o(0)?
6
Let p(g) = -g**3 + 3*g**2 + 2*g - 2. Determine p(3).
4
Let m(z) = -8*z + 72. Determine m(11).
-16
Let j(u) = 2*u**2 - 2*u + 1. Give j(2).
5
Let q(x) = -x**3 + x**2 - 2*x - 4. What is q(3)?
-28
Let u(a) = -3*a**2 + 6*a - 3. Determine u(4).
-27
Let x(j) = -12*j**3 - 5*j + 5. Determine x(1).
-12
Let d(j) = j + 8. Determine d(-5).
3
Let t(m) = -m**3 + 9*m**2 + 6*m + 1. Calculate t(10).
-39
Let j(h) = -28*h - 1. What is j(1)?
-29
Let q(z) = -z**2 + 4*z + 13. What is q(0)?
13
Let t(z) = z**2 - 3. Determine t(0).
-3
Let p(y) = 6*y - 10. Calculate p(0).
-10
Let z(o) = 29*o**3 + 1. Calculate z(1).
30
Let x(d) = -3*d**3 + d**2 + 4*d - 4. Determine x(1).
-2
Let i(a) = a**2 - 19*a + 28. Calculate i(17).
-6
Let t(l) = 3*l**2 - 5*l + 2. Calculate t(2).
4
Let p(z) = -3*z + 14. Determine p(6).
-4
Let u(b) = -4*b**2 - 32*b + 11. Give u(-12).
-181
Let u(b) = b**3 + 14*b**2 - 119*b - 10. Give u(6).
-4
Let s(u) = u**2 - 3*u - 1. Calculate s(-2).
9
Let o